t is 56 + 8147?
81a2
In base 12, what is -1 + -8671?
-8672
In base 4, what is 131 + -22220031?
-22213300
In base 2, what is 1101010011001 - 1001?
1101010010000
In base 16, what is 996 + 10?
9a6
In base 13, what is -1153 - -a6?
-107a
In base 4, what is 123 - -1322?
2111
In base 13, what is -39869 - -4?
-39865
In base 5, what is 1 - 12340?
-12334
In base 8, what is -17016 - -6?
-17010
In base 3, what is 20112110 + -101?
20112002
In base 14, what is -137 - 482?
-5b9
In base 14, what is d + -1b04?
-1ad5
In base 15, what is -2 + 4ed1?
4ece
In base 10, what is -2698 - -12?
-2686
In base 14, what is 1 - -2322b?
2322c
In base 16, what is -2a8c + -31?
-2abd
In base 10, what is 45 - -2436?
2481
In base 9, what is 11505 - 1?
11504
In base 6, what is 334152 - 53?
334055
In base 2, what is -110011000010110 + -110?
-110011000011100
In base 3, what is -1 + -2211220?
-2211221
In base 16, what is 2 - -f60?
f62
In base 6, what is -15544001 - 2?
-15544003
In base 9, what is 14 + -26013?
-25888
In base 14, what is -8a - 611?
-69b
In base 7, what is 3324 - 55?
3236
In base 14, what is 3900a + -b?
38ddd
In base 6, what is 2031 + 34?
2105
In base 9, what is 3 - 1186500?
-1186486
In base 7, what is -345061 - -12?
-345046
In base 3, what is -201210 - -2020?
-122120
In base 13, what is -20ca5 - -7?
-20c9b
In base 8, what is -53 - 22344?
-22417
In base 9, what is -25723 + 15?
-25707
In base 16, what is -dde + 6d?
-d71
In base 5, what is 2 - -13341?
13343
In base 9, what is 22460 - 2?
22457
In base 5, what is 4 + 2424401?
2424410
In base 4, what is -1113 - 322322?
-330101
In base 4, what is -200030 - -313?
-133111
In base 12, what is -1 + 62b6?
62b5
In base 12, what is -2723a - -4?
-27236
In base 11, what is 531 - 99?
443
In base 4, what is 1331022 - 2?
1331020
In base 11, what is 11 + 39987?
39998
In base 13, what is a + -7aa?
-7a0
In base 3, what is 100200002102 - 12?
100200002020
In base 4, what is -123323100 + -2?
-123323102
In base 16, what is 1025f - -6?
10265
In base 3, what is -12200012 - -2202?
-12120110
In base 6, what is -435 - -204?
-231
In base 9, what is -6041 - -64?
-5866
In base 2, what is 111001 - 111111100101010?
-111111011110001
In base 5, what is 21 + -1321443?
-1321422
In base 7, what is -1524 - 2200?
-4024
In base 11, what is 390 - 86?
305
In base 2, what is 1 - 101001111111011?
-101001111111010
In base 11, what is -1230 + -33?
-1263
In base 6, what is -1 + 12444?
12443
In base 12, what is -9 + -a39a7?
-a39b4
In base 2, what is -10010001110 + -10000010?
-10100010000
In base 12, what is b0989 + -1?
b0988
In base 2, what is 10001100110110101 + 1000?
10001100110111101
In base 15, what is -34981e - 5?
-349824
In base 15, what is 5bb + 4?
5c0
In base 8, what is -2 - -3007237?
3007235
In base 8, what is -1072730 + 2?
-1072726
In base 9, what is 1170 - 616?
453
In base 6, what is -1554 - 151?
-2145
In base 2, what is 11100010001111 + -1?
11100010001110
In base 13, what is 9aa707 + -2?
9aa705
In base 12, what is -a + -544?
-552
In base 5, what is 10 + -10233?
-10223
In base 4, what is -10323 - -1022201?
1011212
In base 12, what is -117a3 + -4?
-117a7
In base 13, what is 59 - 10472?
-10416
In base 3, what is 1222221 + 202211?
2202202
In base 9, what is -271036 + 21?
-271015
In base 7, what is 6342612 + -2?
6342610
In base 3, what is -1222111 + -122?
-2000010
In base 13, what is 54c9 - 176?
5353
In base 12, what is -5 - 525b2?
-525b7
In base 16, what is -6 + d0ad?
d0a7
In base 14, what is -4 - -153d?
1539
In base 5, what is 1421203 - 3?
1421200
In base 12, what is 4 + -3744?
-3740
In base 12, what is 62 - 127?
-85
In base 10, what is -26 - 240?
-266
In base 7, what is -543045 + 2?
-543043
In base 13, what is -3187 - -9?
-317b
In base 2, what is -10111100 - 100101000010111?
-100101011010011
In base 15, what is d - be97?
-be89
In base 8, what is 2677 + -765?
1712
In base 5, what is 143143 - 22?
143121
In base 2, what is -10100111010011101111000 + -1?
-10100111010011101111001
In base 2, what is -100000 + -11010101010?
-11011001010
In base 14, what is -3 + 18da2c?
18da29
In base 2, what is 11 - -110011110000011010?
110011110000011101
In base 15, what is -27 - 3396?
-33bd
In base 10, what is 12 + -806?
-794
In base 5, what is -1 + -23340014?
-23340020
In base 7, what is -310 + 4634?
4324
In base 10, what is -5 + 9546?
9541
In base 9, what is -13 + -121614?
-121627
In base 9, what is -1 + 328370?
328368
In base 5, what is 44404 - -242?
100201
In base 2, what is 1000000 + -11010001?
-10010001
In base 2, what is 11 - 101000111010110110?
-101000111010110011
In base 16, what is 3 + 928?
92b
In base 3, what is 2 + -1212201120?
-1212201111
In base 13, what is 44c - -1136?
1585
In base 12, what is -b1 + -2917?
-2a08
In base 6, what is 213 + -422?
-205
In base 8, what is -114757 - 23?
-115002
In base 15, what is -3 + -1ba9?
-1bac
In base 5, what is 132 - 201?
-14
In base 4, what is 1103 + 32022?
33131
In base 14, what is 1980 - 12?
196c
In base 16, what is -217 - -29?
-1ee
In base 15, what is 7966 + 2?
7968
In base 14, what is 3 - 15b9c?
-15b99
In base 6, what is 1 + -442414?
-442413
In base 16, what is -5d + 791?
734
In base 14, what is -2bd7 + 1?
-2bd6
In base 8, what is -1012 - -2203?
1171
In base 13, what is -25cb + -4a?
-2648
In base 13, what is -a1b52 - 4?
-a1b56
In base 15, what is -b - 19409?
-19415
In base 14, what is -4b - 26dbb?
-27028
In base 8, what is -162 - 7205?
-7367
In base 13, what is 39b + 15?
3b3
In base 14, what is 1b5166 - -4?
1b516a
In base 8, what is -342 - 134?
-476
In base 3, what is 12102 - 220211020?
-220121211
In base 8, what is -73133 + 1?
-73132
In base 7, what is -164 + 356?
162
In base 5, what is 4241143 + 1?
4241144
In base 11, what is -426 + -32?
-458
In base 10, what is 4 + -28966?
-28962
In base 7, what is 13124 + 26?
13153
In base 7, what is 410 - -1343?
2053
In base 14, what is 21ab19 + 2?
21ab1b
In base 9, what is -1712 + -115?
-1827
In base 4, what is 103 + -31113?
-31010
In base 2, what is 10 + 101011100100001110?
101011100100010000
In base 12, what is -84426 - 5?
-8442b
In base 4, what is -13303232 + -101?
-13303333
In base 15, what is 107723 - 2?
107721
In base 11, what is -5 - 264330?
-264335
In base 11, what is 79130 + 3?
79133
In base 11, what is 0 + -2a9540?
-2a9540
In base 9, what is 2 + 112583?
112585
In base 8, what is 361477 + -10?
361467
In base 4, what is -301 + 1011033?
1010132
In base 16, what is a + 16f?
179
In base 13, what is -4c9 - 15?
-511
In base 14, what is 14da - 8b?
144d
In base 3, what is 10111 - -2010010?
2020121
In base 10, what is 3 + 664246?
664249
In base 10, what is 4 + 379181?
379185
In base 15, what is -a - 849c?
-84a7
In base 8, what is -54 + -242?
-316
In base 9, what is -12740 + -27?
-12767
In base 14, what is 80214 - -5?
80219
In base 15, what is -945 + -16?
-95b
In base 14, what is 3 - -1691bc?
1691c1
In base 11, what is -4 - -1599a?
15996
In base 4, what is -31120012 + 20?
-31113332
In base 14, what is -30 - 22b?
-25b
In base 6, what is 5 - 533534?
-533525
In base 7, what is -2355213 - 1?
-2355214
In base 6, what is 54 + 30553?
31051
In base 15, what is -2374c - -5?
-23747
In base 5, what is -210101 - -204?
-204342
In base 14, what is a9 + -6a?
3d
In base 13, what is -c04 + -5?
-c09
In base 9, what is 1228 + 1115?
2344
In base 2, what is 1 - -1110000010111111?
1110000011000000
In base 9, what is -2780261 + -2?
-2780263
In base 10, what is -67 - -2110?
2043
In base 14, what is cb4 - 722?
592
In base 13, what is -459 - -76?
-3b3
In base 7, what is -1355206 + 10?
-1355166
In base 5, what is -3 + -23133?
-23141
In base 16, what is 1cd + 105?
2d2
In base 16, what is 1e81 + 1?
1e82
In base 11, what is 533 - -1372?
18a5
In base 2, what is -100 + 10010110111101?
10010110111001
In base 7, what is 4 - -11440?
11444
In base 4, what is 11202210 - -33?
11202303
In base 3, what is 10121021201 + -11?
10121021120
In base 9, what is -157 - 143?
-311
In base 14, what is 4435 + -2?
4433
In base 10, what is -3 + -491841?
-491844
In base 4, what is 1210211 + 0?
1210211
In base 6, what is 1 + -1430005?
-1430004
In base 12, what is -2750 + -30?
-2780
In base 3, what is 21100011122 + -10?
21100011112
In base 13, what is -205 - -384?
17c
In base 6, what is -45 + -513?
-1002
In base 11, what is -25589 - 3?
-25591
